rs of f.
47
Let z = -356 + 467. List the prime factors of z.
3, 37
What are the prime factors of -4 + (53 - -4)*(-236)/(-12)?
1117
List the prime factors of 2/(-9) + 60256/126.
2, 239
Let w be (-5 - -4)/((-2)/(-502)). Let q = -109 - w. List the prime factors of q.
2, 71
Let g(p) = p**3 + 13*p**2 + 3. Let m be g(-13). What are the prime factors of -2 + m - (-138 - -3)?
2, 17
Let l be 3 - 3*(-3)/(-3). Suppose -3*x + 32 + 136 = l. Suppose -4*i + 0*i = -x. What are the prime factors of i?
2, 7
Let z = -2179 + 4110. List the prime factors of z.
1931
Suppose 3*s + r + 366 = 4*s, -4*s = 2*r - 1458. List the prime factors of s.
5, 73
Suppose 68470 = 55*x - 14*x. List the prime factors of x.
2, 5, 167
Suppose 0 = 2*g + 3*g - 10. List the prime factors of (g/3)/(12/5310).
5, 59
Let f(d) = 17*d**2 + 12*d - 3. List the prime factors of f(-7).
2, 373
Let w(p) = -544*p + 1327. List the prime factors of w(-6).
4591
Let o(n) = 4*n**2 + 0*n**2 - n**2 + 3*n**2 - 4. What are the prime factors of o(3)?
2, 5
Let i be 12*(-3)/(36/(-39)). Suppose 0 = 3*a + 4*z + 104, -3*z - 30 = 2*a + i. What are the prime factors of 2*3/(-9)*a?
2, 3
Let m(p) = 2*p - 31. Let i be m(18). Let n(s) = 3*s**2 - 10*s - 3. What are the prime factors of n(i)?
2, 11
Suppose -2*z - 91 = -307. Let u = -150 + 318. Suppose 3*m - 2*i = -i + u, -z = -2*m + 2*i. What are the prime factors of m?
3, 19
Let p = 290 - -3047. List the prime factors of p.
47, 71
Let c(q) = q**3 - 2*q**2 - 2*q - 3. Let h be c(-3). Let o = h + 2. Let a = -26 - o. What are the prime factors of a?
2, 7
Suppose -5*b = -7 - 23. Let w be (-1434)/(-18) + 2/b. Suppose -3*s = 2*m - 106, -4*s = -m + w - 236. List the prime factors of s.
2, 19
Let h(o) = o**2 - o + 2. Let y be h(0). Suppose y*g + g - 5 = -c, -2*c + 8 = 5*g. Suppose g*s = -s + 87. List the prime factors of s.
29
Suppose -5*p - 3*v = 680, -5 = -2*v - 15. Let l = 243 + p. List the prime factors of l.
2, 5, 11
Let l(h) be the first derivative of -h**4/4 - 5*h**3/3 + 3*h**2/2 + 24. Suppose -12 = -2*m + 4*m. List the prime factors of l(m).
2, 3
Let l(r) = -r + 11. Let c be l(7). Suppose 5*z + 3*b = 6, c*z - 2*b - 15 = z. Suppose 0 = z*w + m - 135, 0 = -0*m - m + 3. What are the prime factors of w?
2, 11
Suppose 10*f - 11 = 19. Let y be (10/(-5))/((-2)/f). What are the prime factors of 1 - (y - (-55)/(-5))?
3
Let h = 125 + 325. List the prime factors of h.
2, 3, 5
Let y(u) = -87*u + 11. What are the prime factors of y(-8)?
7, 101
What are the prime factors of 8558/12 - 5/(-6)?
2, 3, 7, 17
Suppose z + 4*j = -69, z - 309 = 6*z + 2*j. Let r = z + 166. List the prime factors of r.
3, 5, 7
Suppose -3*y + 4*v + 25 + 2 = 0, 3 = -v. Suppose y*k - 9*k + 852 = 0. List the prime factors of k.
3, 71
Let n(f) = -120*f - 23. Let a be n(-3). Suppose -3*k + 3*j + 30 = -483, a = 2*k - j. What are the prime factors of k?
2, 83
Suppose -4*h = -4*u - 5184, -5*h + 507 + 5978 = -4*u. Suppose -4*b = 501 - h. List the prime factors of b.
2, 5
Let v = -815 - 457. What are the prime factors of (-1)/3 - v/9?
3, 47
Let p = -25 - -39. Suppose p*a = 16*a - 10. Suppose -a*o + 220 = -0*o. List the prime factors of o.
2, 11
What are the prime factors of 2232/7 - 14/(-98)?
11, 29
Let t = 2501 + 1779. What are the prime factors of t?
2, 5, 107
Let n = -46 - -122. Let z = n + 116. Suppose 3*l - 6*l + z = 0. List the prime factors of l.
2
Suppose -15*n = 414 - 474. List the prime factors of n.
2
Suppose -3*o + 4*k + 1896 = 0, 0 = -4*o - 14*k + 11*k + 2503. List the prime factors of o.
2, 157
Let z = 8 + 39. What are the prime factors of z?
47
Let u = -389 + 1403. Suppose -7*j = -u - 113. What are the prime factors of j?
7, 23
Let r(q) = -q**3 + 15*q**2 - q + 17. Let v be r(15). Suppose 152 = 2*n - 2*w, 0 = v*n + 2*w + 3*w - 131. What are the prime factors of n?
73
Let g be (-2 - -1)/((-4)/8). Let w(c) = 2*c + 3 + 6*c**2 - 5 + 0*c. List the prime factors of w(g).
2, 13
Let d be -5 + (-63)/(-15) + 42/(-10). What are the prime factors of (548/12 - 1)*(-2 - d)?
2, 67
Let o = 2 + 3. Suppose -3*y - 717 = o*s, 0*s - y + 289 = -2*s. Let w = -79 - s. What are the prime factors of w?
5, 13
Suppose -4*k = c - 1821, 3*c = -14*k + 9*k + 2285. List the prime factors of k.
2, 227
Let l(d) = 27*d + 7. Let x be l(-1). Let s = x - -76. What are the prime factors of s?
2, 7
Let v(a) = a. Let h be v(4). Let n = 8 - h. What are the prime factors of n/(-10) + 246/15?
2
Let u(q) = 70*q**2 - q - 2. What are the prime factors of u(-5)?
1753
Let r be (-6)/((-12)/10)*32. Suppose r = 11*p - 6*p. What are the prime factors of p?
2
Suppose 95*l = 28*l + 108607. List the prime factors of l.
1621
Let z = 25 - 35. Let o = -12 - z. What are the prime factors of -6*(9/o + -4)?
3, 17
Let g = 3539 - 6915. List the prime factors of (1/(-2))/(8/g).
211
Suppose 5*y + 4*d + 5240 = 0, -4193 = 4*y + 3*d - 0*d. Let h = -736 - y. What are the prime factors of h?
2, 79
Let c = -579 - -576. Let i(a) be the second derivative of -a**5/10 - a**4/12 + 5*a**3/6 + 3*a**2/2 - a. List the prime factors of i(c).
3, 11
What are the prime factors of (-14815)/(-10) + 15/(-6)?
3, 17, 29
What are the prime factors of 1234 - 4 - (-2 - -7)?
5, 7
What are the prime factors of (-360)/16*(-174)/5?
3, 29
Suppose -1474 - 4730 = -33*n. List the prime factors of n.
2, 47
Suppose -22 = -2*d + d - 3*q, 10 = -2*q. List the prime factors of d.
37
Let g(c) = c**3 + 22*c**2 - 9*c - 3. List the prime factors of g(-22).
3, 5, 13
Let m = 1076 - 593. What are the prime factors of m?
3, 7, 23
Let k = -185 + 855. What are the prime factors of k?
2, 5, 67
Let h(b) = 87*b**3 + 2*b**2 - 2*b + 16. What are the prime factors of h(3)?
2377
Let d(g) = -g. Suppose -14 = 3*x + 7. Let h be d(x). Let p = h - -14. What are the prime factors of p?
3, 7
Suppose 5*c = -3*z + c - 5, 3*c + 15 = 0. Let g = z - 5. Suppose -3*d - 4*i = -59 - 3, 2*d - i - 56 = g. List the prime factors of d.
2, 13
Suppose -8*v + 12*v - 104 = 0. Let i = v - 5. List the prime factors of i.
3, 7
Let u(b) = -9*b - 5. Suppose -l + 2*v + 90 = -5*l, -5*l + 4*v - 106 = 0. List the prime factors of u(l).
193
Let c(b) = -2*b - 3. Let t = -7 - -4. Let z be c(t). Suppose 6*n = n + z*x + 129, -n + 4*x + 36 = 0. What are the prime factors of n?
2, 3
Suppose 4*u - n - 20 = 0, 0 = 2*u + n + 3*n - 10. Let p(g) = -4*g**2 + 7*g - 3. Let y be p(u). Let o = y - -96. List the prime factors of o.
2, 7
Let d = 228 + -332. Let t = d - -229. List the prime factors of t.
5
Suppose -3*p + 164 + 223 = 3*t, 3*t - 259 = -2*p. Suppose g + 4*l + l - p = 0, 4*g - 495 = -3*l. What are the prime factors of g?
3, 41
Let k(w) = -3*w - 11. Let h be 128/(-6) - (-4 + 84/18). List the prime factors of k(h).
5, 11
Let s be (-3 - (-20)/8)*-6. Suppose -26 - 28 = -f - s*d, -15 = -5*d. What are the prime factors of f?
3, 5
Let v(z) = 12*z**2 - 10*z - 23. What are the prime factors of v(-3)?
5, 23
Suppose -5*n + 2306 = -2*c - 1143, -1376 = -2*n - c. What are the prime factors of n?
13, 53
Suppose 0 = -11*m + 5*m + 624. What are the prime factors of m?
2, 13
Let i = -11 + 7. Let l(q) = -q**3 - 4*q**2 + 3. Let n be l(i). List the prime factors of (-5)/((-5)/n) - -3.
2, 3
Suppose -63*x = -12407 - 43915. List the prime factors of x.
2, 3, 149
Suppose 5*s - 40 = 5*j, -5*s + 2*j = -58 + 15. Let i = 11 - s. Suppose -2*q - x + 82 = q, 54 = i*q + x. List the prime factors of q.
2, 7
Suppose -3*v + 55 = -1769. Let p = v + -429. Suppose 0 = -4*d - 59 + p. What are the prime factors of d?
2, 3, 5
Let t(s) = 15*s**2 - 15*s + 77. List the prime factors of t(4).
257
Let l = 56 - -77. Suppose a = 4*x - l, -6*a = 4*x - 3*a - 145. List the prime factors of x.
2, 17
Let i(u) = u**2 - 15*u + 4. Suppose 4*a - 2*h = h - 5, 2*a - 5*h = 15. List the prime factors of i(a).
2, 13
Let d be (-24)/(-1) - (6 + -6). Let j = 45 - d. What are the prime factors of j?
3, 7
Let p be -1 - -6 - (11 - (-15 + 21)). Suppose 3*b - 12 = -4*k, 5*b + 3 = k - 0. Suppose 180 = k*l - p*l + 2*h, -4*h = 5*l - 300. List the prime factors of l.
2, 3, 5
Let x = 23 - 37. Let l(w) = -4*w + 26. List the prime factors of l(x).
2, 41
Let d(m) = 8*m**2 + 23*m - 35. Let b(c) = 2*c**2 + 6*c - 9. Let j(u) = -9*b(u) + 2*d(u). Let s be j(-7). Let v = s + 102. What are the prime factors of v?
71
Suppose 6888 = 3*s + 3*p, -4*s - 10*p